m. Let b be u(6). Let x be (-2)/18*-3*b. Let z(y) = 2*y - 3. Calculate z(x).
5
Let z(d) = -21*d**2 + 11*d - 28. Let y(p) = 25*p**2 - 11*p + 27. Let q(a) = 6*y(a) + 7*z(a). Calculate q(-6).
8
Let o(y) be the first derivative of -3*y**6/10 + y**3/6 - 3*y**2 - 6*y + 30. Let v(s) be the second derivative of o(s). Determine v(-1).
37
Suppose -o + b - 331 = -326, -3*b = o - 11. Let a(q) = -23*q**3 + 2*q**2 - 1. Calculate a(o).
24
Let k(r) = -41*r - 32. Let q(c) = -30*c - 22. Let j(l) = 5*k(l) - 7*q(l). Calculate j(2).
4
Let n = -3106 - -3100. Let i(b) = -35*b - 204. Determine i(n).
6
Suppose 0*s = 8*s - 1072. Let t = s - 130. Let f(o) = -o**2 + 4*o - 4. Determine f(t).
-4
Let i be 0/2*((-60)/(-8) + -8). Suppose 33*n - 6 = -q + 31*n, i = -4*q + 5*n + 11. Let t(w) = w**3 - 5*w**2 + 5*w - 2. Calculate t(q).
2
Let h(c) = c**3 + 17*c**2 + 16*c + 11. Suppose -3*t = -5*p - 86, 8*p - 3*t - 42 = 11*p. Calculate h(p).
11
Let y be 4 + 0 + 6*(-1)/(-3). Suppose 5*f - y*f = -4*h + 17, 0 = -2*h + 2*f + 4. Let p(o) = -o**3 + 6*o**2 - 8*o + 6. Give p(h).
-9
Let d(c) = -c**2 + 4*c + 4. Suppose -7*f + 9*f - 122 = 0. Let y = f + -58. Suppose 5 = 2*x - 5*k, 2*x + y*k - 15 = -2*k. Give d(x).
-1
Let g(i) be the second derivative of -i**3/2 - 47*i**2/2 + 1623*i. Calculate g(-20).
13
Let z(a) = 2*a + 6. Let y = 32 + -32. Suppose 2*h - 4 - 4 = y. Suppose -4*j = h*q + 20, 8*q = 3*q + 5. What is z(j)?
-6
Let g(r) = 750*r**2 + 747*r**2 + 6*r - 20 - 3001*r**2 + 752*r**2 + 753*r**2. Give g(-8).
-4
Suppose -21*r = -23*r - 46. Let o be (3/6)/1*(15 + r). Let i(w) = w**3 + 4*w**2 - 1. What is i(o)?
-1
Let k(o) = -2*o**2 - 5*o + 23. Let g(f) = -f**2 - 2*f + 15. Let v(c) = -5*g(c) + 3*k(c). Suppose 10 = -2*w + 4*r, w - 5*w = 5*r + 33. Give v(w).
-20
Let l(p) = p**2 + p**3 - 10*p - 7*p**2 + 14*p - 9*p. Suppose 39*h = 28*h + 66. What is l(h)?
-30
Let w(d) be the first derivative of 1/3*d**3 + 11*d - 65 + 0*d**2. Calculate w(0).
11
Let f = -827 - -781. Let g(z) = -z**3 - 43*z**2 + 138*z + 4. Let i be g(f). Let u(j) = j**3 - 5*j**2 + j + 5. Determine u(i).
-7
Suppose 29*k + 250 = -122 - 179. Let l(h) = -h**3 - 17*h**2 + 35*h - 31. Calculate l(k).
26
Suppose 11*n - 20 = 2. Let h(x) = 5087*x**2 + 0 - 5086*x**n - 3 + 2*x. Determine h(-3).
0
Let z(f) = -14 - 18*f + 5*f + 30 + 2 + f**2. Give z(10).
-12
Let p(r) = r**2 - r - 7. Suppose 3 = -s + 1, -4*s = -5*h + 28. Let j be (h/2 - -2)/(20/(-50)). Let t be ((-12)/(-2))/3*j/(-4). Give p(t).
13
Let x(p) = p**2 - 10*p - 3. Let h = 3972 - 3968. Determine x(h).
-27
Let x = -37 - -42. Suppose -37 = -3*r + 4*z, 5*r - 110 = -x*z + 10. Suppose -r*f - 55 = -8*f. Let m(l) = l**2 + 6*l + 2. Calculate m(f).
-3
Let m(f) = 9*f**3 + f**2 + 2*f. Let s(x) = -33*x - 1915. Let a be s(-58). Calculate m(a).
-10
Let y(u) be the third derivative of 11*u**5/60 - 5*u**4/24 + u**3 + 4*u**2 + 1387. Give y(4).
162
Let y(r) = -17*r - 5. Let i be y(-1). Let n be 1640/i + 30/(-18). Let p = n + -136. Let d(v) = -12*v**2 - 2*v - 1. Give d(p).
-11
Let p be (-30)/7 + 2/7. Let d(a) = 11 - 2*a**2 + 5*a**2 - 4 - 11 + a. Give d(p).
40
Suppose 2*i - 5*m + 23 = 0, 3*i - 4*m - 16 + 33 = 0. Let d(q) = -17*q**2 - 2*q. What is d(i)?
-19
Let m(p) = p**2 - 3*p - 3. Let g(d) = 4*d**2 + 3*d - 19. Let v(r) = g(r) - 5*m(r). Calculate v(19).
-23
Let m be (-6)/(-12) + (-3)/((-24)/(-284)). Let u be (1 - 0)/(2 - (-63)/m). Let r(z) = z**2 - 4*z + 1. Determine r(u).
6
Let z(s) = -27*s**2 - 10*s + 649. Let l(o) = 19*o**2 + 7*o - 458. Let n(m) = 17*l(m) + 12*z(m). Suppose -2*p = -0*p + 4. Give n(p).
0
Let m = -29341 - -29329. Let f(w) be the second derivative of -w**3/6 - 5*w**2 + w. What is f(m)?
2
Let b(u) = 4*u**2 - 23*u + 11. Suppose -250 = -s - 3*x - 231, 2*s + 2*x = 22. Give b(s).
46
Let c(x) = -3*x**3 + 25*x**2 - 9*x + 1. Suppose t - 3*b = 5, -46*t + 42*t + 27 = -5*b. Determine c(t).
-7
Suppose -64 = 21*z + 62. Let v(o) = -2*o + 6. Let q(n) = n - 3. Let k(b) = -7*q(b) - 4*v(b). Calculate k(z).
-9
Suppose -3*q = -i + 45, 0 = q - 2*q + i - 17. Let v(o) = -o + 293. Let j(r) = -50. Let a(b) = -6*j(b) - v(b). Calculate a(q).
-7
Let d(c) = -c**2 + 5*c. Let r be -6*(1 - (-34)/4). Let f be (38/r)/((-1)/30). Suppose 3*m + 5*j - f = 9*j, 30 = 5*m - 5*j. Determine d(m).
4
Let b(l) = -1135 - l**3 - 1140 - 15*l**2 + 3400 - 1136. Give b(-15).
-11
Let z(g) = g**2 + 2*g - 3. Let d = 2806 - 2812. What is z(d)?
21
Let n(i) = 32*i - 1. Let v = -392 + 391. What is n(v)?
-33
Suppose -28*w + 417 = 48*w + 63*w. Let a(j) = 10*j - 7. Let s(y) = -29*y + 20. Let u(m) = 11*a(m) + 4*s(m). Give u(w).
-15
Let w(x) = 2*x**2 - 90*x + 71. Let y be w(44). Let z(i) = i**2 + 16*i. Calculate z(y).
17
Let y(k) = 13 + 67*k**2 - 4*k - 32*k**2 - 6*k - 34*k**2 - k. Suppose 62 = 3*a + 5*p, p = -4*a - 4*p + 76. Let u = a + -5. Determine y(u).
-5
Let w(l) = l**3 - 2*l - 1. Let s be w(-1). Let t(i) be the third derivative of 2*i + 1/120*i**6 - 1/24*i**4 - 1/60*i**5 - 37*i**2 - 25/6*i**3 + 0. Give t(s).
-25
Let u(c) be the first derivative of 1/24*c**4 + 0*c**2 - 1/120*c**5 + 29/3*c**3 + 0*c + 2. Let v(g) be the third derivative of u(g). Give v(-3).
4
Suppose -102 = -5*q - 3*y, 3*q - 26 - 36 = -2*y. Suppose q = -12*l + 18. Let n(a) = -a + 5 - 4 + 2*a. What is n(l)?
1
Let g = 14/1335 + 292/445. Let o(m) be the second derivative of -29*m - g*m**3 - 3/2*m**2 + 0 - 1/12*m**4. What is o(-4)?
-3
Suppose 25*b - 170 = 20*b. Let k(o) = -35*o**2 + 0*o**3 + 62*o**2 + 7 + 4*o - b*o**2 + o**3. Suppose 4*n - 11 = 13. Give k(n).
-5
Let l(g) = g + 7. Let a = 185 + -184. Suppose 25 = -6*z + a. What is l(z)?
3
Let z(o) = 2*o**2 - 3*o - 1. Let a(q) = -q**2 + 2*q + 1. Let y(u) = -5*a(u) - 2*z(u). Let s = 31 - 28. Let b be ((-8)/12)/(-2)*s - -4. Give y(b).
2
Let j(q) = -3*q**3 + q + 1. Let n be 2/(-11) + (-2 - (-624)/44). Suppose -n*g = -21*g + 18. Calculate j(g).
-21
Let b(t) = -5*t**3 + 30*t**2 + 37*t + 6. Let d be b(-1). Let r(p) = 5*p**2 - 7*p - 3. Give r(d).
49
Let j be (-5 - 2/(-6))/(4*1/6). Let o(v) = 3*v + 0*v + 13 - 2*v. What is o(j)?
6
Let l(x) = -5*x + 6. Let w(n) = 9*n - 11. Let y(q) = -7*l(q) - 4*w(q). Let f be y(0). Let o(m) = 185*m - m**2 - 186*m + f*m**2 + m**3 + 2. Determine o(-2).
0
Let i = -6 + 8. Let g be (-10)/(-25) - (-4)/((-40)/(-1326)). Let f(x) = -g*x**2 + 1 + 134*x**2 + 6*x - 7*x. Determine f(i).
3
Suppose 0 = -b - 130 - 55. Let r = -179 - b. Let t(k) = 2*k - 10. What is t(r)?
2
Let i(n) = 2*n - 53. Let k be i(31). Let a(t) = -t + 12 - 16 + k. Give a(-4).
9
Let l = 113 + -178. Let t = l - -65. Let n(v) = 9 + v - 18 + 7*v**2 - v**3 + t*v**3. Give n(7).
-2
Suppose 0 = -22*p - 60 - 226. Suppose -5*h = 4*n + 36, h + 2*n - 2 + 8 = 0. Let o = h - p. Let r(b) = b**2 - 4*b + 4. Calculate r(o).
9
Let d be 2/5 + 17/(-5). Let v be (-11)/44 + ((-41)/4)/(-1). Let w(i) = -i**3 - i**2 + 43*i + 3 - v*i - 28*i. Calculate w(d).
6
Let n(j) = 7796*j. Let t(c) = 6237*c + 1. Let h(y) = -4*n(y) + 5*t(y). Suppose 4 + 0 = 4*z. Let u be 1/(-4) - z/(-4). Calculate h(u).
5
Let a(l) = -6*l + 21. Let i be 20/6*(-531)/(-354). Calculate a(i).
-9
Let q(l) be the first derivative of -l**4/4 - 7*l**3/3 - 5*l**2/2 + 6*l - 5540. Let k be 24/9*9/(-4). Calculate q(k).
0
Let z(c) = c**3 + 3*c**3 + 6*c - 5*c**3 - 28 + 37 - 792*c**2 + 797*c**2. What is z(6)?
9
Let s(u) = 0*u**3 + 16071*u + u**3 - 32140*u - 13 - 12*u**2 + 16081*u. Suppose 4*r + r - 55 = o, -3*r = 4*o - 33. Give s(r).
-2
Let c(q) = 3*q - 19. Let x be (-1649)/(-187) + (-10)/(-55). What is c(x)?
8
Let d(j) be the second derivative of -j**5/10 + 8*j**4/3 + j**3/6 - 7*j**2 + 863*j + 2. What is d(16)?
2
Let b(i) = i + 4. Let l be (-2)/(-4) + (-47)/(-2). Let u be (-129)/86*10/(-3). Suppose -u*v - v - l = 0. Determine b(v).
0
Suppose -2423 = -4*v - 15. Let o(t) = 601*t + 0*t**3 - 1204*t + v*t + 2*t**3. What is o(1)?
1
Let s be 1*(-3 - 20/(-2)). Let i be 1015/s + -1 + 0. Let h(z) = 0 - 6 - 139*z + i*z. What is h(4)?
14
Let h(k) be the second derivative of 0*k**2 - 10/3*k**3 - 5/8*k**4 - 1/120*k**5 - 16*k + 0. Let v(a) be the second derivative of h(a). Calculate v(-8).
-7
Let s(c) = 77*c - 492. Let g(t) = -13*t + 82. Let i(p) = 23*g(p) + 4*s(p). Determine i(10).
8
Let f(h) be the first derivative of -2*h**2 - 33*h - 3333. Determine f(12).
-81
Suppose c = 2*z - 16, 4*c + 32 = -0*c + 4*z. Let n(u) be the second derivative 